mainder when 8312647 is divided by 36?
31
Calculate the remainder when 4182701 is divided by 328.
45
Calculate the remainder when 2857003 is divided by 3092.
3087
What is the remainder when 871993 is divided by 5936?
5337
Calculate the remainder when 276833 is divided by 34582.
177
Calculate the remainder when 787497 is divided by 3629.
4
What is the remainder when 8713706 is divided by 270?
266
Calculate the remainder when 164959 is divided by 714.
25
Calculate the remainder when 1384146 is divided by 766.
750
What is the remainder when 5521814 is divided by 2539?
2028
Calculate the remainder when 851912 is divided by 425935.
42
Calculate the remainder when 5960934 is divided by 72694.
26
Calculate the remainder when 3283410 is divided by 243.
237
What is the remainder when 102556 is divided by 321?
157
Calculate the remainder when 110679214 is divided by 11.
8
Calculate the remainder when 395168 is divided by 10.
8
What is the remainder when 780670 is divided by 2380?
30
What is the remainder when 23775004 is divided by 158?
112
What is the remainder when 53412972 is divided by 445108?
12
Calculate the remainder when 445374402 is divided by 3067.
3064
Calculate the remainder when 23918031 is divided by 298975.
31
What is the remainder when 9199 is divided by 8313?
886
What is the remainder when 13491327 is divided by 2605?
32
What is the remainder when 157935 is divided by 22300?
1835
What is the remainder when 5328472 is divided by 189?
184
Calculate the remainder when 7229348 is divided by 14231.
0
What is the remainder when 198122 is divided by 65880?
482
Calculate the remainder when 855399 is divided by 8305.
8289
Calculate the remainder when 5186623 is divided by 12.
7
Calculate the remainder when 10526675 is divided by 842.
833
Calculate the remainder when 4859244 is divided by 66.
60
What is the remainder when 230857 is divided by 3605?
137
Calculate the remainder when 303262 is divided by 351.
349
What is the remainder when 2494822 is divided by 178198?
50
What is the remainder when 53892 is divided by 271?
234
Calculate the remainder when 8015 is divided by 1949.
219
Calculate the remainder when 989382 is divided by 717.
639
What is the remainder when 8899804 is divided by 18200?
4
Calculate the remainder when 2435945 is divided by 550.
545
What is the remainder when 193164 is divided by 94026?
5112
What is the remainder when 305350 is divided by 9542?
6
Calculate the remainder when 29844075 is divided by 4463.
4457
What is the remainder when 12338 is divided by 596?
418
What is the remainder when 1863155 is divided by 379?
370
What is the remainder when 428538 is divided by 107119?
62
What is the remainder when 114718 is divided by 1406?
832
Calculate the remainder when 352605 is divided by 86353.
7193
Calculate the remainder when 64918 is divided by 30628.
3662
Calculate the remainder when 6328 is divided by 1177.
443
Calculate the remainder when 602020 is divided by 1430.
1420
What is the remainder when 2203650 is divided by 3806?
3782
What is the remainder when 2370392 is divided by 240?
152
What is the remainder when 729627 is divided by 1733?
34
What is the remainder when 1431060 is divided by 36?
24
Calculate the remainder when 178437 is divided by 67.
16
What is the remainder when 7884654 is divided by 23?
1
Calculate the remainder when 1495171 is divided by 1914.
337
What is the remainder when 1375507 is divided by 444?
439
What is the remainder when 12212 is divided by 4230?
3752
Calculate the remainder when 323458959 is divided by 22.
21
Calculate the remainder when 9490 is divided by 9490.
0
Calculate the remainder when 68205 is divided by 20903.
5496
What is the remainder when 3890104 is divided by 376?
8
What is the remainder when 2502373 is divided by 13?
3
What is the remainder when 323964148 is divided by 39?
1
Calculate the remainder when 130062 is divided by 234.
192
Calculate the remainder when 1419772 is divided by 25.
22
What is the remainder when 1609338 is divided by 24758?
68
Calculate the remainder when 1995771 is divided by 399154.
1
What is the remainder when 634126 is divided by 5521?
4732
What is the remainder when 206552 is divided by 270?
2
Calculate the remainder when 8344227 is divided by 4172083.
61
What is the remainder when 1878516 is divided by 110?
46
Calculate the remainder when 1564724 is divided by 111757.
126
What is the remainder when 176927 is divided by 29221?
1601
What is the remainder when 399132 is divided by 3047?
3022
What is the remainder when 34115 is divided by 2759?
1007
Calculate the remainder when 131153 is divided by 419.
6
Calculate the remainder when 64651 is divided by 3465.
2281
What is the remainder when 1313711 is divided by 518?
63
Calculate the remainder when 1687155 is divided by 526.
273
What is the remainder when 127953 is divided by 2216?
1641
What is the remainder when 8055214 is divided by 8055125?
89
What is the remainder when 78713 is divided by 6580?
6333
What is the remainder when 22318 is divided by 2215?
168
Calculate the remainder when 144081932 is divided by 6179.
10
What is the remainder when 3197206 is divided by 1148?
26
Calculate the remainder when 202899 is divided by 28948.
263
What is the remainder when 26626721 is divided by 161374?
11
What is the remainder when 469470 is divided by 42662?
188
Calculate the remainder when 13350498 is divided by 81.
78
Calculate the remainder when 18811499 is divided by 2651.
3
What is the remainder when 137494 is divided by 137484?
10
Calculate the remainder when 236630 is divided by 58583.
2298
Calculate the remainder when 881016 is divided by 2270.
256
Calculate the remainder when 93533 is divided by 46757.
19
Calculate the remainder when 4206624 is divided by 772.
768
Calculate the remainder when 5016878 is divided by 14293.
35
What is the remainder when 325695437 is divided by 16?
13
Calculate the remainder when 167813 is divided by 4285.
698
Calculate the remainder when 502928 is divided by 83792.
176
Calculate the remainder when 10125116 is divided by 361.
149
Calculate the remainder when 775055957 is divided by 140.
137
What is the remainder when 254858 is divided by 2682?
68
Calculate the remainder when 106186 is divided by 35111.
853
What is the remainder when 2376816 is divided by 717?
678
What is the remainder when 3402453 is divided by 9171?
12
Calculate the remainder when 6696422 is divided by 1674103.
10
What is the remainder when 35040 is divided by 34354?
686
What is the remainder when 355555 is divided by 2614?
51
Calculate the remainder when 7753782 is divided by 5135.
5067
What is the remainder when 1115089 is divided by 21039?
22
Calculate the remainder when 11609847 is divided by 11609847.
0
Calculate the remainder when 37260 is divided by 2037.
594
Calculate the remainder when 1641909 is divided by 1149.
1137
What is the remainder when 62347057 is divided by 6373?
6371
Calculate the remainder when 491767 is divided by 23417.
10
What is the remainder when 79089233 is divided by 146?
11
Calculate the remainder when 113022925 is divided by 334.
331
What is the remainder when 522477 is divided by 174146?
39
Calculate the remainder when 857776 is divided by 12613.
92
What is the remainder when 115564 is divided by 282?
226
Calculate the remainder when 32051493 is divided by 130.
123
What is the remainder when 59068589 is divided by 568?
565
What is the remainder when 26398018 is divided by 8799336?
10
Calculate the remainder when 1699589 is divided by 1699580.
9
Calculate the remainder when 3557180 is divided by 151.
73
What is the remainder when 186583 is divided by 62182?
37
Calculate the remainder when 51262469 is divided by 630.
629
Calculate the remainder when 4331187 is divided by 354.
351
Calculate the remainder when 1638180 is divided by 50.
30
What is the remainder when 8924530 is divided by 574?
552
Calculate the remainder when 62004287 is divided by 968.
15
What is the remainder when 4972398 is divided by 89?
57
What is the remainder when 170108 is divided by 193?
75
What is the remainder when 18014361 is divided by 6004746?
123
What is the remainder when 25270151 is divided by 86?
83
What is the remainder when 304323647 is divided by 96?
95
Calculate the remainder when 678294 is 